, what is -2 + -50566?
-50568
In base 14, what is -8 - -417?
40d
In base 14, what is 3075ca + 0?
3075ca
In base 8, what is 254 + 42?
316
In base 6, what is 13511 + 253?
14204
In base 13, what is -677 - 18?
-692
In base 14, what is 63dd - -5?
6404
In base 16, what is -1 - -558b?
558a
In base 10, what is -5 - 11678?
-11683
In base 13, what is 10 - 512b?
-511b
In base 3, what is -21120102021121 + 0?
-21120102021121
In base 16, what is 5 - 3d2?
-3cd
In base 2, what is -100011000 - -10111?
-100000001
In base 10, what is -5 - -113117?
113112
In base 7, what is 31 + -1226?
-1165
In base 3, what is -2120122 - -10202?
-2102220
In base 10, what is -2 + 7721?
7719
In base 8, what is -2 + -1355?
-1357
In base 3, what is -1221212101002 - 10?
-1221212101012
In base 5, what is -24 - -2242443?
2242414
In base 15, what is -3 + 117d3?
117d0
In base 10, what is 435 + 41?
476
In base 4, what is -10 + -203320333?
-203321003
In base 2, what is 100101001011101111001 + 101?
100101001011101111110
In base 13, what is -2564 + 29?
-2538
In base 14, what is -b - -23b52?
23b45
In base 14, what is -395019 - 0?
-395019
In base 4, what is -3 + 1103013?
1103010
In base 4, what is -123331331 + -20?
-123332011
In base 8, what is -4 + -4043517?
-4043523
In base 11, what is 7 + 5839?
5845
In base 9, what is 14067 - -3?
14071
In base 15, what is 2b7 - -24c?
514
In base 5, what is -202234 + -4?
-202243
In base 5, what is 2200210 + 3?
2200213
In base 15, what is -366c2 - -5?
-366bc
In base 7, what is 4034 - 204?
3530
In base 9, what is -4 + -663246?
-663251
In base 5, what is -1121 - 30?
-1201
In base 4, what is -231112 - 2?
-231120
In base 11, what is 65 - 44a?
-395
In base 13, what is -5c1a9 - 1?
-5c1aa
In base 3, what is 1110220 + 110202?
1221122
In base 16, what is -217b0 - -1?
-217af
In base 13, what is 172671 - -3?
172674
In base 3, what is 12 + 1200120221210?
1200120221222
In base 13, what is -4b3 + -40?
-523
In base 11, what is -24 - 8096?
-810a
In base 8, what is 3 - -25322?
25325
In base 12, what is 2 + 12815?
12817
In base 2, what is -1110000 - 101111100?
-111101100
In base 14, what is -5 + -2709a?
-270a1
In base 11, what is 8 + 150380?
150388
In base 14, what is -1 - 4b820?
-4b821
In base 13, what is 17cba - -11?
17ccb
In base 10, what is 1 - 6705?
-6704
In base 2, what is -11001011100010111000 + 11?
-11001011100010110101
In base 6, what is -11422204 + -15?
-11422223
In base 16, what is 55 - -74?
c9
In base 9, what is 17 - -221?
238
In base 15, what is 6ae2 - -2?
6ae4
In base 12, what is a - -90b2?
9100
In base 9, what is 86 + 1465?
1562
In base 13, what is 12 - -15b1a?
15b2c
In base 4, what is 2022 - 132?
1230
In base 5, what is 1134331003 - 3?
1134331000
In base 8, what is 1233757 + -12?
1233745
In base 15, what is -2ca0 + 0?
-2ca0
In base 7, what is -15 - 16534?
-16552
In base 15, what is 7c + 272?
2ee
In base 7, what is -56 + -13526?
-13615
In base 16, what is 18 - f50?
-f38
In base 12, what is 6 + -343?
-339
In base 11, what is -21 + 420?
3aa
In base 3, what is -111021201 + 10?
-111021121
In base 4, what is -2 + -2130303?
-2130311
In base 5, what is 141033320 + -4?
141033311
In base 3, what is -110202022010 + -2?
-110202022012
In base 4, what is 10 - -1030021?
1030031
In base 3, what is -210 + 2000111220?
2000111010
In base 16, what is 4 - -87c9?
87cd
In base 13, what is 19287 + -13?
19274
In base 14, what is 32c09 - -4?
32c0d
In base 7, what is -13 + -13160?
-13203
In base 2, what is 111000010101010010 - 10?
111000010101010000
In base 9, what is 3636 + 8?
3645
In base 10, what is -372405 - 5?
-372410
In base 6, what is -24402 - -101?
-24301
In base 14, what is -12 + -74c9d?
-74cb1
In base 12, what is -18116 + 4?
-18112
In base 11, what is 204a3 - -2?
204a5
In base 16, what is -d - 11f7?
-1204
In base 8, what is 26 - 4171?
-4143
In base 15, what is 3687 - 1?
3686
In base 7, what is -2 - -245100?
245065
In base 4, what is 2 + -11301300?
-11301232
In base 11, what is 699 - -9?
6a7
In base 11, what is 11 - 6299a?
-62989
In base 14, what is 21 + 578?
599
In base 5, what is 33340 - 203?
33132
In base 15, what is 206 + 91?
297
In base 10, what is 0 + 16531?
16531
In base 15, what is 4 + -a893c?
-a8938
In base 2, what is 1011 + -1100101011001010?
-1100101010111111
In base 16, what is -fec + c?
-fe0
In base 5, what is -411241134 + -4?
-411241143
In base 10, what is -8 + -1858?
-1866
In base 6, what is 2104 + 11133?
13241
In base 4, what is 1231103 - 2312?
1222131
In base 11, what is 10 - -81365?
81375
In base 10, what is -16 - -13475?
13459
In base 12, what is 18 - -3b5?
411
In base 10, what is 19 - -1402?
1421
In base 5, what is 44400 - -12?
44412
In base 13, what is 411 + -34?
3aa
In base 11, what is 398 + -27a?
119
In base 10, what is -233323 - -10?
-233313
In base 16, what is -1 - -473f2?
473f1
In base 12, what is 1888 - 2?
1886
In base 14, what is 51 - 98?
-47
In base 15, what is 80344 - -5?
80349
In base 9, what is 12122578 + 4?
12122583
In base 8, what is -4 + -264655?
-264661
In base 13, what is -109957b - 4?
-1099582
In base 12, what is -21b8 - 127?
-2323
In base 9, what is 48701 - -4?
48705
In base 4, what is 32020301 + -1?
32020300
In base 7, what is -22 + -10621?
-10643
In base 3, what is 11 + -21010122012?
-21010122001
In base 13, what is -15c08 - 15?
-15c20
In base 10, what is -3 - 20081?
-20084
In base 16, what is 271f + 1?
2720
In base 9, what is -4 - -10161?
10156
In base 11, what is -a72670 + -1?
-a72671
In base 6, what is -11 - 3530?
-3541
In base 5, what is 12 + 2113211?
2113223
In base 15, what is -49 - -7c9b?
7c52
In base 15, what is 4 - 1138?
-1134
In base 16, what is -f45 - 0?
-f45
In base 6, what is -233 + 131422?
131145
In base 14, what is 4637 - 8a?
458b
In base 6, what is 353241 + 4?
353245
In base 7, what is 1606234 - 2?
1606232
In base 10, what is 3 - 1196930?
-1196927
In base 7, what is 360 - 261?
66
In base 15, what is 73 + -5a2a?
-59a7
In base 16, what is 2ed6 - 34?
2ea2
In base 16, what is -2 - -33f87?
33f85
In base 14, what is 2863 - -1?
2864
In base 4, what is -11022 - -3233?
-1123
In base 4, what is -11 + 111301102?
111301031
In base 7, what is -6001 - -234?
-5434
In base 14, what is -17b05 - -6?
-17add
In base 9, what is -2 + -387521?
-387523
In base 10, what is -229656 + 2?
-229654
In base 10, what is 5 - 64149?
-64144
In base 10, what is -130583 - -17?
-130566
In base 13, what is 20 + -2216a?
-2214a
In base 9, what is 1157474 - 3?
1157471
In base 6, what is -3100112 + -2?
-3100114
In base 12, what is 0 + 49404?
49404
In base 14, what is -2c6c - 5?
-2c73
In base 8, what is 2 + 165231?
165233
In base 7, what is 30 + 11114?
11144
In base 8, what is 31616 + 0?
31616
In base 3, what is -20200201 - 1?
-20200202
In base 15, what is -503a - 61?
-509b
In base 6, what is -14555 + -43?
-15042
In base 11, what is 2 + 426a?
4271
In base 4, what is 33123031012 - 2?
33123031010
In base 6, what is 330340 + -24?
330312
In base 9, what is 0 - 15184?
-15184
In base 7, what is 4102162 + 3?
4102165
In base 11, what is -5 + 29307?
29302
In base 11, what is 11 + 1451?
1462
In base 14, what is c + -226?
-218
In base 11, what is -219 - -21?
-1a8
In base 5, what is -1014 + 1244?
230
In base 12, what is 4 - -69a90?
69a94
In base 3, what is 1210 + 110000001?
110001211
In base 7, what is -4 + -201662?
-201666
In base 2, what is 10 - 10001010110000111100?
-10001010110000111010
In base 15, what is 0 - 79c?
-79c
In base 7, what is 51 - 2?
46
In base 16, what is 8 - 14fc5?
-14fbd
In base 7, what is -644430 + 3?
-644424
In base 8, what is -1 - 320732?
-320733
In base 15, what is 8 - -14bd?
14c6
In base 16, what is -e2308 - 1?
-e2309
In base 13, what is -7a0 - -6?
-797
In base 4, what is -23 + 3121220?
3121131
In base 14, what is -8b + d3c?
c91
In base 4, what is -2 + -12101?
-12103
In base 10, what is 4 + 83141?
83145
In base 6, what is -2133532 - -10?
-2133522
In base 2, what is -111110 - 111001?
-1110111
In base 12, what is 89 - -a5?
172
In base 8, what is 50 + 66412?
66462
In base 15, what is -7b + 28?
-53
In base 5, what is 23242 - 42?
23200
In base 16, what is 11b5 - -f?
11c4
In base 14, what is -719 - 1a?
-735
In base 16, what is 0 - -119582?
119582
In base 6, what is 3 + -124302?
-124255
In base 6, what is -4 - -22335?
22331
In base 7, what is 4323110 - -4?